0
-57 (base 10) to base 11
-52
What is 2 (base 4) in base 12?
2
Convert 11 (base 15) to base 16.
10
Convert -1 (base 14) to base 12.
-1
Convert b0 (base 12) to base 4.
2010
Convert 2100 (base 4) to base 2.
10010000
33 (base 11) to base 2
100100
Convert -46 (base 14) to base 10.
-62
-330 (base 5) to base 2
-1011010
Convert 44 (base 5) to base 16.
18
-7 (base 11) to base 12
-7
Convert 0 (base 11) to base 13.
0
233 (base 5) to base 10
68
Convert 10 (base 10) to base 14.
a
Convert 161 (base 7) to base 15.
62
-5 (base 14) to base 8
-5
4 (base 10) to base 11
4
Convert -4 (base 14) to base 7.
-4
What is -92 (base 14) in base 15?
-88
Convert -51 (base 7) to base 9.
-40
Convert -120 (base 3) to base 2.
-1111
Convert -2 (base 10) to base 3.
-2
Convert 10 (base 2) to base 4.
2
Convert -120 (base 3) to base 16.
-f
What is 54 (base 12) in base 3?
2101
Convert -1110111 (base 2) to base 13.
-92
What is -158 (base 9) in base 5?
-1014
Convert -19 (base 11) to base 6.
-32
Convert 37 (base 13) to base 10.
46
234 (base 5) to base 10
69
Convert -13 (base 16) to base 5.
-34
What is 1 (base 8) in base 11?
1
What is -10 (base 3) in base 5?
-3
What is -a7 (base 16) in base 15?
-b2
Convert -1 (base 3) to base 6.
-1
Convert -25 (base 6) to base 15.
-12
What is d4 (base 15) in base 2?
11000111
-113 (base 12) to base 9
-186
Convert 100001 (base 2) to base 3.
1020
-11 (base 8) to base 15
-9
Convert 86 (base 9) to base 6.
210
What is -71 (base 14) in base 16?
-63
Convert 62 (base 10) to base 5.
222
3 (base 5) to base 12
3
Convert 2 (base 10) to base 9.
2
What is -1141 (base 6) in base 4?
-10111
Convert 222 (base 3) to base 13.
20
What is 1001 (base 2) in base 9?
10
What is 2032 (base 4) in base 5?
1032
46 (base 13) to base 14
42
Convert 12 (base 5) to base 13.
7
What is 2140 (base 5) in base 8?
447
-12 (base 3) to base 12
-5
Convert 3 (base 10) to base 4.
3
What is -1 (base 5) in base 16?
-1
Convert -10 (base 10) to base 5.
-20
Convert 44 (base 6) to base 16.
1c
Convert 12 (base 3) to base 9.
5
What is 1 (base 9) in base 6?
1
What is 8 (base 11) in base 7?
11
Convert -5 (base 7) to base 16.
-5
Convert -1 (base 9) to base 11.
-1
What is -114 (base 6) in base 15?
-31
What is -53 (base 16) in base 7?
-146
What is 10 (base 2) in base 7?
2
1 (base 16) to base 11
1
What is -88 (base 15) in base 13?
-9b
Convert -1 (base 8) to base 11.
-1
-61 (base 12) to base 13
-58
Convert -2 (base 10) to base 13.
-2
Convert 8 (base 14) to base 11.
8
Convert a (base 11) to base 4.
22
What is 10 (base 6) in base 4?
12
2 (base 16) to base 7
2
What is -b (base 16) in base 6?
-15
-8 (base 12) to base 8
-10
What is -452 (base 6) in base 3?
-20112
Convert -111011 (base 2) to base 11.
-54
What is -121 (base 3) in base 7?
-22
50 (base 8) to base 4
220
11110111 (base 2) to base 10
247
What is -1 (base 15) in base 10?
-1
-22 (base 4) to base 12
-a
What is -13 (base 8) in base 5?
-21
Convert b (base 12) to base 2.
1011
-12 (base 4) to base 7
-6
a (base 16) to base 3
101
Convert -6 (base 13) to base 4.
-12
What is -8 (base 9) in base 7?
-11
What is -11 (base 9) in base 15?
-a
What is -10 (base 2) in base 3?
-2
What is 1010001 (base 2) in base 3?
10000
What is 12 (base 3) in base 4?
11
What is -16 (base 10) in base 16?
-10
15 (base 6) to base 14
b
Convert -111 (base 4) to base 12.
-19
What is -2 (base 13) in base 12?
-2
-6 (base 9) to base 5
-11
-103 (base 13) to base 7
-334
Convert 19 (base 10) to base 8.
23
Convert 10 (base 4) to base 12.
4
7 (base 12) to base 4
13
-211 (base 3) to base 14
-18
What is -1000 (base 2) in base 16?
-8
-2 (base 9) to base 6
-2
What is 209 (base 12) in base 2?
100101001
What is -5 (base 15) in base 8?
-5
13 (base 16) to base 2
10011
-e (base 15) to base 10
-14
What is -3b (base 12) in base 7?
-65
What is 22 (base 15) in base 11?
2a
What is 4 (base 8) in base 13?
4
What is -1031 (base 6) in base 3?
-22201
Convert -1 (base 3) to base 15.
-1
What is -32 (base 16) in base 8?
-62
Convert -2 (base 6) to base 4.
-2
-200 (base 3) to base 10
-18
-4 (base 16) to base 12
-4
What is 7a (base 13) in base 11?
92
Convert -3 (base 9) to base 5.
-3
Convert -d (base 16) to base 8.
-15
-263 (base 7) to base 5
-1033
-3 (base 9) to base 10
-3
Convert -16 (base 9) to base 13.
-12
11110 (base 2) to base 6
50
-12 (base 10) to base 8
-14
What is -1021 (base 3) in base 16?
-22
-1 (base 9) to base 7
-1
Convert -2 (base 15) to base 11.
-2
What is 7 (base 12) in base 2?
111
Convert -10 (base 6) to base 2.
-110
55 (base 8) to base 9
50
What is -3c (base 13) in base 10?
-51
0 (base 5) to base 16
0
What is 3 (base 11) in base 2?
11
What is 5 (base 12) in base 2?
101
203 (base 11) to base 12
185
-100 (base 2) to base 7
-4
Convert -130 (base 14) to base 5.
-1423
Convert 2 (base 4) to base 12.
2
What is -5 (base 13) in base 14?
-5
10 (base 6) to base 11
6
What is -10001 (base 3) in base 16?
-52
-20 (base 16) to base 2
-100000
Convert -18 (base 10) to base 9.
-20
110 (base 2) to base 4
12
Convert 2 (base 8) to base 4.
2
Convert -14 (base 5) to base 8.
-11
Convert 32 (base 6) to base 2.
10100
What is 3 (base 9) in base 10?
3
Convert 2 (base 12) to base 7.
2
What is 110 (base 2) in base 10?
6
What is 0 (base 2) in base 16?
0
What is 16 (base 16) in base 13?
19
What is -4 (base 14) in base 13?
-4
What is 124 (base 16) in base 13?
196
What is -5 (base 15) in base 16?
-5
Convert 3 (base 9) to base 6.
3
What is 113 (base 5) in base 6?
53
Convert 8 (base 14) to base 16.
8
Convert -2 (base 13) to base 4.
-2
Convert -3 (base 4) to base 2.
-11
-123 (base 5) to base 16
-26
-35 (base 13) to base 10
-44
-26 (base 13) to base 3
-1012
Convert 22 (base 11) to base 3.
220
-101 (base 5) to base 9
-28
What is -102 (base 6) in base 15?
-28
What is -3 (base 16) in base 4?
-3
What is -2 (base 14) in base 3?
-2
What is d (base 14) in base 4?
31
Convert -100111 (base 2) to base 4.
-213
What is 1010 (base 2) in base 5?
20
Convert 0 (base 14) to base 9.
0
Convert -1011110 (base 2) to base 7.
-163
What is 2 (base 14) in base 5?
2
Convert 3b (base 12) to base 14.
35
140 (base 5) to base 6
113
Convert -16 (base 8) to base 12.
-12
-10 (base 3) to base 16
-3
What is 22 (base 3) in base 5?
13
-5 (base 15) to base 12
-5
Convert 100 (base 4) to base 15.
11
2 (base 9) to base 10
2
Convert -200 (base 3) to base 12.
-16
1011 (base 2) to base 16
b
10120 (base 3) to base 16
60
104 (base 5) to base 14
21
212 (base 4) to base 5
123
Convert -3 (base 5) to base 4.
-3
What is -2 (base 12) in base 10?
-2
-c1 (base 14) to base 11
-144
What is 10100011 (base 2) in base 15?
ad
What is 0 (base 12) in base 11?
0
Convert 8 (base 15) to base 3.
22
Convert 3 (base 5) to base 10.
3
Convert 6 (base 9) to base 14.
6
What is 4 (base 5) in base 10?
4
What is 6 (base 9) in base 3?
20
-11221 (base 3) to base 13
-a3
-34 (base 9) to base 4
-133
Convert -5 (base 7) to base 6.
-5
Convert -16 (base 9) to base 2.
-1111
Convert -14 (base 9) to base 12.
-11
Convert 1120 (base 3) to base 13.
33
-2 (base 11) to base 14
-2
Convert 2 (base 6) to base 13.
2
What is -37 (base 15) in base 13?
-40
What is -1101 (base 2) in base 7?
-16
Convert 3 (base 6) to base 10.
3
What is 75 (base 9) in base 13?
53
Convert -2 (base 7) to base 5.
-2
8 (base 15) to base 7
11
What is -65 (base 7) in base 15?
-32
What is -7 (base 15) in base 4?
-13
Convert 138 (base 11) to base 15.
ac
Convert -5b (base 12) to base 11.
-65
What is -2 (base 3) in base 6?
-2
Convert 6 (base 14) to base 10.
6
Convert -3b (base 15) to base 8.
-70
What is -10 (base 8) in base 4?
-20
-122 (base 9) to base 16
-65
213 (base 7) to base 2
1101100
What is -7 (base 15) in base 3?
-21
Convert 88 (base 15) to base 13.
9b
-46 (base 7) to base 15
-24
34 (base 5) to base 2
10011
-14 (base 5) to base 16
-9
-27 (base 10) to base 9
-30
Convert -160 (base 12) to base 11.
-187
What is 2 (base 5) in base 15?
2
What is 17 (base 13) in base 8?
24
Convert -10 (base 5) to base 11.
-5
What is -5 (base 12) in base 16?
-5
What is -11 (base 7) in base 12?
-8
Convert 1 (base 2) to base 8.
1
What is -210 (base 5) in base 8?
-67
Convert -1 (base 8) to base 10.
-1
Convert 1011 (base 3) to base 10.
31
Convert 1 (base 9) to base 11.
1
11 (base 3) to base 8
4
What is 20 (base 8) in base 6?
24
0 (base 5) to base 11
0
Convert -102112 (base 3) to base 10.
-311